 5*i(w) - 8*v(w). Calculate b(4).
-7
Suppose r - 2*r + 9 = 0. Let z be 1/(-2) - 75/(-6). Let g = r - z. Let u(l) = l**2 - l - 3. Give u(g).
9
Let u(i) = -i + 1. Let f(d) = -7*d + 4. Let p(o) = f(o) - 6*u(o). Let a be 3 + 3*-2 + 2. What is p(a)?
-1
Let k be 1 - (-1)/((-3)/18). Let u = k + 0. Let o(x) = -x**2 - 2*x + 4. Give o(u).
-11
Let s(h) be the second derivative of h**4/24 - h**3/2 - h**2/2 - h. Let g(l) be the first derivative of s(l). Let z be -1 - (-7)/5 - (-26)/10. What is g(z)?
0
Let t(k) = k**3 - 9*k**2 + 10*k - 12. Let r(o) = o**3 - 11*o**2 - 11*o - 4. Let f be r(12). Calculate t(f).
4
Let z = -17 - -21. Let t(q) be the first derivative of q**4/4 - 4*q**3/3 - q**2/2 - 4*q - 2. What is t(z)?
-8
Let k(h) = h**3 - 5*h**2 + 5*h - 3. Let a(p) = p + 18. Let u be a(-14). Calculate k(u).
1
Let y(f) = f**3 + 4*f**2 - 1. Let b = -9 - -10. Suppose -4 + b = g. Give y(g).
8
Let r = 3 + -1. Let g(p) = -5*p**2 + p + 6. Let x(h) = -2 - h + 0*h + 9 - 6*h**2 + 2*h. Let c(t) = 5*g(t) - 4*x(t). Determine c(r).
0
Let p(z) be the first derivative of 11*z**2/2 - z + 24. Calculate p(-1).
-12
Let o(d) = -2*d + 4. Let q(v) = 1. Let b(g) = o(g) - 5*q(g). What is b(6)?
-13
Let x(n) = n**2 + 4*n - 1. Let b be x(-4). Let k(f) = 12*f**2 + 2*f + 1. Determine k(b).
11
Suppose -z + 3*i = 10, -2*z + 4*i = -z + 13. Let a be (-2)/4*-8 + z. Let k(u) = 1 + 0 - 8*u**3 + 3*u**a - u**3. Calculate k(-1).
7
Let z(x) = 3*x + 2. Let g(q) = 4*q + 2. Let t = -6 + 3. Let u(k) = t*z(k) + 2*g(k). Let m = 10 + -5. Calculate u(m).
-7
Let m(z) = z + 3. Let g = -190 + 190. Give m(g).
3
Let k(n) = -n**2 - 3*n - 4. Let a = 16 - 13. Suppose -3*q = -y, -y - y - a = -3*q. Give k(y).
-4
Suppose -2*h = -2 + 10. Let j = -2 - -8. Let m(t) = -2*t**2 + 2*t + j + 2*t + 10*t**2 - 7*t**2. Calculate m(h).
6
Let o(x) = 2 + 1 + 5*x - 2*x. Let q be (3 - 4)*-3 - 0. Suppose q*h + 7 = -2. Calculate o(h).
-6
Suppose -2*q - 3*u = -3, 0 = 3*q - 8*q + 2*u + 17. Let r(i) = i**2 - i. Calculate r(q).
6
Let b(t) = -6 - t + 1 - 4 + 1. Give b(0).
-8
Let a(c) be the second derivative of -c**3/6 + c. Let o(h) = -h**3 + 7*h**2 + 5. Let s = -10 + 17. Let j be o(s). Give a(j).
-5
Let h(q) = 3*q**3 - 6*q**2 + q - 3. Let u(f) = -2*f**3 + 5*f**2 - f + 3. Let a(l) = -3*h(l) - 4*u(l). Suppose 2*o = -o - 9. Give a(o).
3
Suppose 2*w - 5*l = 20, 0*w + 5*w + 4 = -l. Suppose w = -7*s + 4*s + 6. Let h(r) = -2*r + s*r + 3*r. What is h(1)?
3
Let c(i) = -6*i**2 - 2*i - 1. Suppose 2*k - 13 = 5. Suppose 3*w - f - k = 0, 5 + 23 = 4*w + 4*f. Suppose -w*r + 1 = 5. Give c(r).
-5
Let n = -5 - -3. Let z(r) = -3*r**2 - 2*r. Calculate z(n).
-8
Suppose 11 = -c + 8. Let d(t) = t**3 + t**2 - 3*t - 3. Determine d(c).
-12
Let p(x) = -6*x - 37. Let m be p(-7). Let r(k) = k**3 - 6*k**2 + 5*k + 1. What is r(m)?
1
Let r(v) = -3*v**3 + v**2 + 6*v + 2. Suppose -6 = -2*c + m - 18, c + 12 = 2*m. Let n(w) = w**3 - w**2 - w. Let y(k) = c*n(k) - r(k). Give y(2).
-2
Let z(t) = -5*t**2 + t + 6. Let q(p) = 6*p**2 - 2*p - 8. Let m(f) = 3*q(f) + 4*z(f). What is m(-3)?
-12
Let d = -22 + 16. Let u be (16/(-12))/((-2)/d). Let o(s) = s**3 + 3*s**2 - 2*s + 3. What is o(u)?
-5
Let d(o) = -4*o**2 + 2 + 5*o**2 + 0. Give d(3).
11
Let y(j) = j**3 + 4*j**2 - j + 2. Let i = 167 + -171. Determine y(i).
6
Let r = 4 - 1. Suppose 2*w - 2 = -5*s, 0 = -4*w - 13 - r. Let o(c) = 0*c + 3 - s + 2*c + 0*c. Determine o(2).
5
Let u be 0/((-3 - -4) + -2). Let g(q) = q + 1. Determine g(u).
1
Let k(l) = -8*l + 26. Let p be k(4). Let w(z) = -z**3 - 5*z**2 + 6*z. What is w(p)?
0
Let i(q) = -2*q - 3. Let t(a) = -a**3 - 8*a**2 - a - 3. Let k be t(-8). Let o be -1 + 2 - (-6)/3. Suppose r = o*c + 4 + 4, -40 = 5*c + k*r. What is i(c)?
5
Let s(i) = -4 + 100*i - 51*i - 48*i. Give s(5).
1
Let j(s) = s**3 - s**2 - 3*s + 2. Let f = 4 - 2. Let z = 4 - f. Calculate j(z).
0
Let t(i) = -i**2 + 4*i + 1. Let n be (-6)/(-8) - 26/(-8). Let a be t(n). Let h(q) = -5*q - 1. What is h(a)?
-6
Let l be ((-7)/3)/(-7)*-9. Let v(b) be the second derivative of b**5/20 + b**4/4 - b**3/6 - b**2/2 - b. Determine v(l).
2
Let v(u) be the third derivative of u**6/360 - u**5/120 - u**4/12 - 3*u**2. Let b(s) be the second derivative of v(s). Give b(-2).
-5
Let i(f) = f**3 - 7*f**2 + 5*f. Let z = -3 - -9. Let h = -2 - z. Let a = h + 14. What is i(a)?
-6
Suppose 5*l - 4 = -2*w, -l = -2*l + w + 5. Let p(x) = -2 - 4*x - l + 2*x + 2. What is p(-3)?
4
Let v(y) = -y - 12. Let x be (0 + 0)*(4 + -5). Suppose x = -4*f + 15 - 39. Calculate v(f).
-6
Let c(j) = -7*j**2 - 4*j + 1. Let u(o) = -15*o**2 - 8*o + 1. Let f(g) = 13*c(g) - 6*u(g). Suppose 0 = 4*v + 4*i + 11 + 5, 0 = 3*v + 5*i + 8. Determine f(v).
-5
Let v(f) = f - 6. Let s be (-1)/(-2) + (-3)/6. Let z be (s/2)/(9/(-3)). Suppose z = 4*c + 2 - 18. Determine v(c).
-2
Let m(z) be the first derivative of -z**6/120 + z**5/10 - z**4/8 + z**2 - 2. Let h(q) be the second derivative of m(q). Give h(5).
10
Suppose 38*p - 41*p = -6. Let q(h) = 2*h - 1. Determine q(p).
3
Let h(v) = -v + 3. Let l be (4/8)/(2/12). Suppose -5*w - l*r + 35 = 0, -w - 4*r + 29 = r. Suppose 4*c - 3*c + w = 0. Give h(c).
7
Let q(l) = 9*l**2 - l - 1. Suppose -2 + 6 = -4*f. What is q(f)?
9
Suppose p = 2*p - 5. Let m(d) = 14*d - 3*d - 2*d - 24. Let y(c) = -4*c + 12. Let w(r) = -3*m(r) - 7*y(r). Determine w(p).
-7
Let s(f) be the second derivative of -f**6/360 + 7*f**5/120 - 5*f**4/12 + f. Let b(j) be the third derivative of s(j). Give b(5).
-3
Let f(h) = -h**3 - 8*h**2 + 1. Let g = 72 + -80. What is f(g)?
1
Let w(m) = m**3 + 4*m**2 + m - 3. Let h(x) = x**3 - 6*x**2 - 5*x - 10. Let k be h(7). Let o = -1 + 5. Suppose -k = 2*g + o. Calculate w(g).
-7
Let c(s) be the second derivative of s**3 - s**2 + 14*s. Determine c(2).
10
Let j(l) = -l + 6. Let q(w) = 3*w - 18. Let m(d) = 17*j(d) + 6*q(d). Let z = -64 + 71. What is m(z)?
1
Let x = -12 + 6. Let l be ((-4)/x)/((-4)/(-6)). Let a(p) = 2 - 2 + 1 + 2*p**2 + 0*p**2. Give a(l).
3
Let f(y) = 4 + 1 + 6*y**2 - 4. Let z be (-4)/(-2) - 0/2. Suppose 3*m - 5 = -z*m. Calculate f(m).
7
Let y(f) = -f**3 + 4*f**2 + 2*f + 6. Let q = 11 - 8. Suppose -q*b = b - 20. Give y(b).
-9
Let n(w) = -w**2 - 4*w + 6. Let g(c) = -c**2 + 6*c - 5. Suppose 0 = -5*y + 2*f + 30, 2*y = -f + 6*f + 12. Let u be g(y). Determine n(u).
1
Let t(k) = -4 + 16*k - 28*k + 3 + 18*k. Suppose 4*b - b = 3. Calculate t(b).
5
Let o(b) be the third derivative of -b**4/4 + b**3/6 - 13*b**2. Calculate o(-2).
13
Let m(d) be the second derivative of d**5/20 + d**4/6 - d**3/3 - 3*d**2/2 + 4*d. Give m(-2).
1
Let g(i) = i. Let n(b) = -6*b - 8. Let j(t) = -5*g(t) - n(t). Determine j(-6).
2
Let n(g) = 2*g**2 + 5*g + 9. Let s(v) = v**2 + 5*v + 8. Let y(c) = 2*n(c) - 3*s(c). Give y(5).
-6
Suppose 5*s = 3*h - 48, -h + 4*s + 34 = h. Suppose 0 = 5*j + h + 4, -8 = f + 2*j. Let r(v) = 2*v**2 - 2*v - 4 + v**3 - 1 + 4 + 0*v**2. Give r(f).
3
Let k(v) = 3*v**2 + 0*v - 4*v**2 + 0*v**2 - 6 - 8*v. What is k(-5)?
9
Let y(z) be the third derivative of -z**4/24 + z**3/2 - 4*z**2. Let o(h) = 3*h + 1. Let f be o(1). Give y(f).
-1
Let n(v) = 6*v - 4. Let f(c) = c + 1. Let x(l) = 5*f(l) - n(l). Let a = -9 + 15. Determine x(a).
3
Let x be (3 - (-2 - -5)) + 3. Suppose -h - 1 = x, -5*h - 28 = 2*c. Let n(i) = i**3 + 3*i**2 - 5*i - 2. Calculate n(c).
2
Let u(b) = b**3 - 2*b**2 - 7*b - 1. Let h(f) be the first derivative of 3*f**4/4 - 5*f**3/3 - 10*f**2 - 2*f + 7. Let n(g) = -4*h(g) + 11*u(g). Give n(-3).
-3
Let w be 2/(-10) - 82/(-10). Let a = w + -15. Let h be 1/(-3) + a/(-21). Let b(s) = -s**3 - s**2 - s - 8. Give b(h).
-8
Let m(v) = -v**2 - 6. Suppose 0 = 4*i + 20, -4*i = -5*u + 31 + 4. Let n(d) = 3*d. Let c be n(1). Let r = c - u. Determine m(r).
-6
Suppose 0 = -b - 0*b. Suppose b = -u - 3*i - 6, 4*i + 12 = 2*u - 16. Let k(q) be the first derivative of -q**2/2 + 8*q + 32. Calculate k(u).
2
Let y be 1/(2/12*-1). Let l(x) = -7*x**3 + 5*x**2 - 11*x - 8. Let q(v) = v**3 + v + 1. Let i(m) = y*q(m) - l(m). What is i(4)?
6
Let n(w) = 12*w**2 + 5*w - 2. Let g(k) = -23*k**2 - 9*k + 3. Let c(u) = -3*g(u) - 5*n(u). Give c(-1).
8
Let l be ((-20)/25)/(2/5). Let p be (-3)/(-2 + -1)*-8. Let v(t) = -7*t**3 - 2*t**2 + 3. Let d(a) = 11*a**3 + 3*a**2 - 5. Let j(f) = p*v(f) - 5*d(f). Give j(l).
-3
Let t(r) = 0*r**3 - 5 + 3*r**3 - 3*r**3 - 7*r**2 + r**3. Determine t(7).
-5
Supp